e greatest common factor of b and 468.
36
Let h(m) = -m**2 + 11*m - 2. Let v be h(12). Let o be (v - -42) + 2*-1. Let w be 74/o - (-4)/26. What is the highest common divisor of w and 27?
3
Suppose 0 = -2*b, -7*b + 11*b = 5*w - 1615. What is the highest common factor of 51 and w?
17
Let c(u) = -2*u**3 + 15*u**2 + 6*u + 22. Let n be c(8). Calculate the highest common factor of n and 18.
6
Let l(y) be the second derivative of -y**3/6 + 31*y**2/2 - 12*y. Let r be l(14). Let t = 29 - r. What is the highest common factor of t and 24?
12
Suppose -4*n = p - 28, 76 = 3*p + p + 4*n. What is the greatest common divisor of p and 12?
4
Suppose -23*q = -17*q - 516. Suppose 0 = 5*l + 2*d - 158, -3*l + d = -0*l - q. What is the highest common divisor of l and 75?
15
Let u = -75 - -89. Suppose 46 = u*z - 458. Suppose -2*y = -y - 9. What is the highest common divisor of z and y?
9
Suppose 348 = 27*k + 31*k. What is the greatest common divisor of 63 and k?
3
Let l(f) = -68*f - 597. Let r be l(-9). Suppose -2*j - 2 = -22. What is the highest common factor of j and r?
5
Let g be 143 - (-4)/((-4)/(-5)). Let d be 10596/78 - (g/52 + -3). What is the highest common factor of d and 17?
17
Let h(i) = 16*i. Let n be h(2). Let t be (-1*(-3)/(-1))/(6/(-8)). Suppose -t*f + n = -4*z, -f - f + 5*z = -10. What is the greatest common divisor of f and 4?
2
Let c = -17 - -14. Let n(q) = -15*q + 1. Let y(w) = -44*w + 2. Let m(b) = c*y(b) + 8*n(b). Let x be m(2). What is the highest common divisor of 13 and x?
13
Suppose -3*p + 1220 = 5*r, 5*r = -3*p + r + 1216. Calculate the highest common factor of 32 and p.
16
Let j(i) = -4*i**2 + 2*i**2 + 3*i**2 - 8*i + 0*i**2 + 10. Let k(h) = h**2 + 1. Let f be k(3). Let b be j(f). Calculate the highest common divisor of 12 and b.
6
Let y(g) = g**3 + 34*g**2 - 3*g + 53. Let a be y(-34). What is the highest common factor of 527 and a?
31
Let c be 485*(-4 + (-105)/(-25)). Calculate the greatest common divisor of c and 1067.
97
Suppose -11 = 4*h - 3, -t + 13 = 2*h. What is the greatest common factor of t and 425?
17
Suppose 20*c = 44 + 56. What is the greatest common divisor of c and 145?
5
Let d be (-4)/((-144)/369)*152. What is the highest common factor of d and 82?
82
Let m = -838 + 1463. Calculate the greatest common factor of m and 25.
25
Suppose -57*y + 53*y = -24. What is the greatest common divisor of 4 and y?
2
Suppose d + 8 = 4. Let r be ((-4)/(-2))/((-2)/d). Calculate the highest common factor of 36 and r.
4
Let d be 140 - (-1 - (-1)/1). Suppose 175 = 3*v + 7. What is the greatest common divisor of v and d?
28
Suppose c + 14 = 8. Let a be 1/c*(-3 + -3). Calculate the greatest common factor of 3 and a.
1
Let y = 857 + -287. Let k be ((-2)/4)/(y/144 + -4). What is the highest common factor of 108 and k?
12
Let t = -4 - -49. What is the greatest common factor of 10 and t?
5
Suppose -4*u - 3*u + 14 = 0. Let f be 2 + (106/u - 1). Calculate the greatest common factor of f and 36.
18
Let o(l) = -9*l**2 + 4*l - 5. Let i(n) = 18*n**2 - 9*n + 9. Let k(w) = -2*i(w) - 5*o(w). Let r be k(2). Calculate the greatest common divisor of 13 and r.
13
Let p(x) = x**2 - 9*x + 10. Let o be p(8). Suppose s - 5*t = o - 8, -5*s = -5*t - 50. Calculate the greatest common divisor of 7 and s.
7
Let y be (-5)/35 + (-8934)/(-14). Calculate the greatest common divisor of y and 145.
29
Suppose 0*q - 3*q = 1215. Let g = 318 + 295. Let d = q + g. What is the greatest common factor of 26 and d?
26
Let d be 5 - (-1 + (-3)/3). Let a = 9 - d. Suppose u - 1 = 0, a*z - 12 = 3*u - 1. What is the highest common divisor of z and 1?
1
Suppose -4*t - 713 = -3*w, 280 = -3*w + 5*t + 989. Calculate the greatest common divisor of 27 and w.
27
Let l be 24/(-108) + 4792/18. What is the greatest common divisor of 190 and l?
38
Let c be -10 - (-3386 - 130/(-10)). Calculate the highest common divisor of 57 and c.
57
Suppose -i + 4*z + 34 = i, 5*z + 10 = 0. Suppose -4*d + 200 = 2*y, -d = 4*y - 416 + 2. Calculate the highest common factor of i and y.
13
Let t(z) = -6*z - 24*z**3 - 3 + 7*z**3 + 3 + 3 - 4*z**2. Let x be t(-2). What is the greatest common divisor of x and 54?
27
Suppose 1440 = -8*j + 23*j. Calculate the greatest common divisor of 12 and j.
12
Let k(i) = i**3 - 8*i**2 - 14*i + 49. Let q be k(9). What is the highest common factor of 12 and q?
4
Suppose -5*f + 170 = 2*h, -3*f - 3*h - 2*h + 102 = 0. Suppose u + 3*u - 16 = 0. Let i be -10*(3 - 46/u). What is the greatest common divisor of f and i?
17
Let h be 6 - (48/72)/(1/(-3996)). Calculate the highest common factor of h and 15.
15
Suppose 8*f - 6*f - 3 = -j, 3*j = -2*f + 1. What is the highest common factor of f and 8?
2
Suppose 0 = 2*x - 3*n - 208, 3*x + 13 - 306 = -5*n. Let k = x + -71. Let s be (1 + -6)/(-2*5/30). What is the greatest common factor of k and s?
15
Let y = -148 - -418. What is the highest common factor of y and 10?
10
Suppose 3*i = g + 7*i + 170, 4*i - 780 = 4*g. Let s = -136 - g. Let w be 32 + 2 + (1 - -1). Calculate the highest common divisor of s and w.
18
Suppose 0 = 4*t - 4 - 0. Suppose -5*l - 3 = 2. Let p(x) = 7*x**2 - x. Let z be p(l). Calculate the greatest common factor of t and z.
1
Let j = -368 + 379. Let d = -17 + 26. Let h = d - -2. What is the highest common factor of j and h?
11
Let d(v) = v**2 - 7*v - 38. Let a be d(11). Suppose -304 = a*c - 7*c. Calculate the greatest common factor of c and 16.
16
Let y be (-1)/((-24)/64 - (-2)/16). Calculate the greatest common divisor of y and 31.
1
Let x = -14 - -16. Suppose -18 = -3*y + v + 3*v, 0 = -3*y - 3*v - 3. Suppose -5*b = 0, 0*b = y*o - b - 4. Calculate the highest common factor of o and x.
2
Suppose 33*w - 36*w = -3. Let u be w - -43 - 1*-2. Let m = u + 2. Calculate the greatest common divisor of 72 and m.
24
Let y be (-6330)/(-35) - 30/35. Calculate the highest common divisor of y and 60.
60
Let f(n) = -2*n**3 + 53*n**2 + 25*n + 44. Let i be f(27). Let b be (0 - (i + 5)) + 7. Let y = -22 - -70. What is the highest common divisor of b and y?
12
Let q = 59 + -175. Let o = q - -132. Let r = 103 + -71. Calculate the highest common divisor of r and o.
16
Let f be 36 - (-18)/(0 + 6). Suppose t + p - 27 = -0*t, 30 = t + 4*p. Calculate the highest common factor of f and t.
13
Suppose -5*q + 2*d = -d - 94, 2*d + 16 = q. Suppose -45 = 7*n - 395. Suppose 169*w = 174*w - n. What is the greatest common factor of w and q?
10
Suppose -275 = -14*d + 3085. Calculate the greatest common factor of d and 300.
60
Let s be -350*((-24)/(-96))/((-1)/4). Calculate the greatest common factor of 28 and s.
14
Suppose -8*y - 45 = -11*y. Let r(b) be the second derivative of 3*b**5/4 + b**3/6 - b**2 - 2*b. Let z be r(2). What is the greatest common factor of z and y?
15
Let i be (-2974)/5 + (-5)/25. Let g = i - -907. Calculate the greatest common factor of g and 39.
39
Let l = -624 + 672. What is the highest common divisor of l and 360?
24
Let d = 752 - 733. What is the greatest common divisor of 475 and d?
19
Let n(k) = -k - 19. Let v be (-80)/15*(-18)/(-8). Let r be n(v). Let a = 23 + r. What is the greatest common factor of 4 and a?
4
Suppose 15 - 55 = -5*s. Suppose 2*p = p + s. Calculate the greatest common factor of 1 and p.
1
Let x be 12 + -13 - 3/((-6)/(-38)). Let u = 99 - x. What is the highest common divisor of u and 17?
17
Let k = -59 + 147. Let m(h) = 5*h**2 - h - 3*h**3 - 4*h + 6 + 2*h**3 - 1. Let q be m(3). Calculate the greatest common factor of k and q.
8
Suppose -3*j = 6*j + 27. Let u be 4 + (1 - -5)/j. Let y(q) = 2*q - 8. Let w be y(6). What is the greatest common factor of u and w?
2
Let j = 20 + -10. Let g = 17 + -13. Calculate the highest common factor of j and g.
2
Let m(a) = -a + 5. Let y be m(3). Let s = -2578 + 2586. What is the greatest common factor of y and s?
2
Suppose 3690 = -s + 19*s. Calculate the greatest common divisor of s and 41.
41
Suppose -924 = -28*k + 35*k. Let i = k + 152. Calculate the greatest common divisor of i and 20.
20
Let q = 557 - 549. Suppose 0 = -4*a - n - n + 22, 0 = a + 3*n - 3. What is the greatest common factor of a and q?
2
Suppose 0 = 3*m + 4*k - 20, -3*m + 3*k + 35 = m. Suppose 4*g - 22 + 6 = 0. Suppose -g = -2*p + 36. What is the greatest common factor of m and p?
4
Let t(w) = -2*w**3 + w**2 + 3*w - 2. Let s = -25